?
6
Suppose -5*x - 3*y = 936 + 386, -x = y + 264. Let q = -526 - x. Let d = 431 + q. What is the units digit of d?
0
Let r = 46 + -69. Let l(a) = -a**2 - 23*a. Let s be l(r). Suppose s = -7*p + 59 + 291. What is the units digit of p?
0
Suppose 0 = 185*f - 192*f - 49. What is the units digit of (926/4 - f)/((-9)/(-12))?
8
What is the hundreds digit of 6/4 - (64116/(-72) + 14)?
8
Suppose -55*b + 4375789 - 1290784 = 0. What is the thousands digit of b?
6
Suppose -16852 = -2*p + u - 5874, -p - 4*u = -5489. What is the units digit of p?
9
Suppose 181*l - 176*l - 15 = 0. Suppose -3*h + 713 = 4*d + 36, l*d = -4*h + 898. What is the hundreds digit of h?
2
Suppose 0*n = -21*n. Suppose n = 19*f - 8*f - 5060. What is the hundreds digit of f?
4
Suppose -8499552 = -217*d - 990701. What is the ten thousands digit of d?
3
Let a = -1343 + 2136. Let g = a - 286. What is the units digit of g?
7
Let c = 128082 + -84975. What is the hundreds digit of c?
1
Let y = -700 - -365. Let z = -77 - y. What is the tens digit of z?
5
Let d be 4738/161 + 12/21. Suppose 19*n + 3025 = d*n. What is the units digit of n?
5
Let z(x) = 22*x**3 - 16*x**2 + 11*x - 85. What is the hundreds digit of z(7)?
7
Suppose 210*a = -190*a - 8*a + 22780272. What is the hundreds digit of a?
8
Let r = 102 + 50. Let t = 274 - r. What is the hundreds digit of t?
1
Suppose -19*s - 176*s + 2692998 = -21*s. What is the ten thousands digit of s?
1
Suppose -j - 3*x = -1, 12*j - x + 7 = 11*j. What is the tens digit of (20/j)/(-2 - 672/(-337))?
7
Suppose 3 = 2*j + y, -j + 2*j + 21 = -5*y. Suppose 14*q = 10*q + 14*q. What is the tens digit of ((-2)/j*2 - q) + 51?
5
Suppose -42*z + 45*z - 36 = 0. Suppose -277 = -z*l + 203. What is the units digit of l?
0
Let z(c) = 3*c**2 - 4*c**3 + 0*c**3 + 1 - 3*c**3 - 8*c**3 + 3*c. Let r be z(-3). Suppose 5*q - 3*o = -r + 1307, 891 = 5*q - o. What is the units digit of q?
9
Suppose -2951*p - 31 = -2952*p. Suppose -p*o + 2*b + 1076 = -30*o, -b = -2*o + 2140. What is the thousands digit of o?
1
Let d be 0 + 456/209 + 4/(-22). Suppose 3*h - 5*z = d - 0, 0 = -h + 4*z - 4. What is the units digit of h?
4
What is the hundreds digit of 18/8 + (-1133125)/(-140)?
0
Let w = 5 + -5. Let c be ((-16)/10)/(3/15 - w). What is the tens digit of 1/2 - 268/c?
3
Let y(r) = 25*r + 46. Let d(h) = -h**3 - 2*h**2 + 8*h + 8. Let j be d(-4). What is the units digit of y(j)?
6
Let g = 54227 + -32334. What is the thousands digit of g?
1
Let l(k) = -10*k + 109. Let s(c) = -4*c + 55. Let g(q) = -6*l(q) + 13*s(q). What is the tens digit of g(31)?
0
Let r = 31 - 28. Suppose -r*p - 51 = -15. What is the hundreds digit of 2070/14 + p/(-84)?
1
Suppose 171721 = -153*a + 834058. What is the units digit of a?
9
Let u be 6/24 + ((-15)/(-4))/5. What is the hundreds digit of 731 + -28 + (u - 4) - -4?
7
Let b(i) = i - 115. Let v be b(31). Suppose -2*y - 772 = -5*r, 4*r + y + 3*y - 640 = 0. Let u = r + v. What is the tens digit of u?
7
Let c = -353 + 682. Suppose 3*t - w - 332 = -0*t, -3*t + 4*w + c = 0. What is the tens digit of t?
1
Let j be (-6)/16 + 93/248. Suppose 1142 = 3*w + 5*y, -2*w + j*w + 3*y + 774 = 0. What is the hundreds digit of w?
3
Suppose -9*r = -3*r - r - 61850. What is the hundreds digit of r?
3
Suppose 5*r = 2*w + 5, -4*w - 2*r = -2*w - 16. Suppose -2*k = -4*v + 3*k + 2724, -5*v - w*k + 3360 = 0. What is the tens digit of v?
7
Let g be (-5520)/102 + 6/51. Let y = g + 86. Let u = y - 13. What is the tens digit of u?
1
Let n(t) = -t**3 - 43*t**2 - 163*t - 13. What is the hundreds digit of n(-47)?
4
Suppose 0 = -72*j + 193493 - 9029. What is the units digit of j?
2
Let t = 471 + -161. Suppose 2*m - t = 3*n, 5*m - 8*n - 788 = -7*n. What is the tens digit of m?
5
Suppose 0 = -2*a + 4*h + 163 - 383, -a - h = 95. What is the tens digit of (-131)/(-7 + a/(-15))?
9
Suppose 0 = -19*n - 24*n + 668693. What is the units digit of n?
1
Let s(r) = -r**2 + 21*r - 36. Let w be s(19). What is the hundreds digit of 1 + (1235 - -3)/w?
6
Let s = 21506 - 6231. What is the ten thousands digit of s?
1
Let n = 72 - 70. Suppose -4*w + 5*w = n. Suppose 0*k + w*f + 178 = 2*k, -2*f - 8 = 0. What is the units digit of k?
5
Let a(q) = 3*q**2 - q - 4. Let z be a(3). Let x be 10415/z - ((-27)/12 + 2). Suppose -4*p = -x - 203. What is the tens digit of p?
8
Let b = 37 + -35. Let c be (b/4*-3)/(6/(-4)). What is the units digit of 99 - (-6 - (-1 + -2)*c)?
2
What is the hundreds digit of (9192 - (1 - 16)) + -1 + 10?
2
Let i be (-416)/(-12) + 1/3. Let v = 29 - i. Let p(t) = -4*t - 7. What is the units digit of p(v)?
7
Suppose 2*y = -10, -104 = -3*o + 5*y - 10*y. Suppose 702*g - 669*g - 16 - 83 = 0. Suppose -1 + o = g*i. What is the tens digit of i?
1
Let f(o) = -o**2 + 67. Suppose 13*a - 15 = 8*a. Suppose -3*y - a*j + 2 = -j, 4 = 3*y + 4*j. What is the units digit of f(y)?
7
Suppose s = -2*s + s. Let x(t) = 2*t**2 + 14*t. Let w be x(-12). Suppose -j = -s*j - w. What is the hundreds digit of j?
1
Let b(k) = 13*k - 24. Let l be b(-21). Let w = l - -517. Suppose -2*f + 88 = 5*q, -5*q + 4*q + w = 5*f. What is the units digit of f?
4
Let h = 10295 + 2434. What is the hundreds digit of h?
7
Let v = 21027 - 11416. What is the tens digit of v?
1
Suppose -8 = -3*z - 5. Suppose -z = 4*u + p, 2*u - 3*p - 5 + 2 = 0. Suppose u = 8*d - 484 - 468. What is the units digit of d?
9
Let c(r) = -1071*r + 133. What is the tens digit of c(-3)?
4
Suppose 0 = 4*y + 4*p - 7*p - 32, y = -2*p - 3. Suppose -2*c - 63 + 2184 = -y*n, -3*c + 3129 = 3*n. What is the units digit of c?
8
Let i = 7043 - 742. What is the tens digit of i?
0
Let a = -383 - -575. Let q = a - 82. What is the units digit of q?
0
Let p(g) = 16*g**3 + g**2 - 13*g - 8. Suppose -46 = -10*l - 6. What is the hundreds digit of p(l)?
9
Let f(r) = 4*r**2 + 21*r + 24047. What is the ten thousands digit of f(0)?
2
Suppose 5*k + f = 223253, 15*f + 223295 = 5*k + 10*f. What is the thousands digit of k?
4
Let v = -29 + 32. Suppose -3*o - 12 = 0, v*z + z + 4*o - 68 = 0. Suppose -3*b - z = -219. What is the units digit of b?
6
Let x(v) = 7*v - 4 + 31 - v**2 - 81 + 9*v**3. What is the units digit of x(6)?
6
What is the units digit of 72584 + 252/(-26 + 8)?
0
Suppose -4 = -2*k + 3*y - 7*y, -4*y + 4 = 4*k. Suppose k = -2*p + 849 + 251. What is the units digit of p?
0
Let x be (2/6)/(3318/414 + -8). Suppose x*j - 652 = 21*j. What is the hundreds digit of j?
3
Let s(z) = -5*z + 3. Let u be 24032/(-80) - (-4)/10. Let l be u/24 - 2/4. What is the units digit of s(l)?
8
Let o be (253/138)/((-2)/(-12)). Let d be 18/8 + -3 + o/4. Suppose 0 = 10*r - 15*r - k + 827, 3*r + d*k = 499. What is the hundreds digit of r?
1
Suppose -143*r + 149*r = 1680. Let s be (38 - -2) + 4/(-2). Suppose 6*k - s - r = 0. What is the tens digit of k?
5
Suppose 209 = 53*o - 56. Suppose 2*q - 6*q + 20 = 0, 4*p + o*q = 1993. What is the units digit of p?
2
Suppose 0 = -2*j - 70 + 74. Suppose -5*x - 334 = j*t + 502, 2*t + 172 = -x. Let y = 342 + x. What is the units digit of y?
6
Let c(g) = g**2 - 14*g + 22. Suppose -53 = -7*v + 2*v - 3*h, -2*v + 5*h + 46 = 0. What is the units digit of c(v)?
9
Suppose 2*l - 9 = -4*j + 9, -2*j - 3*l + 19 = 0. Let z(x) = -11*x + 2. Let u be z(j). Let h = u - -74. What is the tens digit of h?
5
Let b = -18249 + 26642. What is the hundreds digit of b?
3
Let r(y) be the first derivative of -y**4/4 - 22*y**3/3 - 23*y**2/2 - 10*y - 19. Let h be r(-21). Let d = h - 4. What is the tens digit of d?
2
Suppose 17 = 3*y + 5*s - 0*s, -4*y + 26 = 5*s. Suppose l + y*l - 260 = 0. Let k = l - 25. What is the units digit of k?
1
Let a = 28 - 52. Let y = a - -28. Suppose -6*l = 2*c - y*l - 142, -68 = -c - 4*l. What is the units digit of c?
2
What is the hundreds digit of (-324)/(-54)*2834/4?
2
What is the units digit of (126/(-8))/(162/(-546696))?
1
Let l(i) be the third derivative of -1/6*i**3 + 1/120*i**6 + 1/24*i**4 + 0 + 7/60*i**5 + 25*i**2 + 0*i. What is the units digit of l(-6)?
9
Let a(r) = 28*r**2 + 2*r + 1404. What is the hundreds digit of a(36)?
7
Suppose 2*a + 4*q = -1685 + 11091, -4*q = 5*a - 23551. What is the units digit of a?
5
Let t = 15427 - 7744. What is the hundreds digit of t?
6
Let m(s) = -s**2 - 411*s + 90. What is the units digit of m(-41)?
0
Let n(m) = -m + 1. Let c(d) = -8*d + 12. Let g(v) = 4*c